 5562097
What are the prime factors of 190407786?
2, 3, 17, 521, 3583
What are the prime factors of 14957414?
2, 7478707
List the prime factors of 2537639578.
2, 73, 127, 136859
What are the prime factors of 178113611?
13, 43, 318629
What are the prime factors of 1244117097?
3, 46078411
List the prime factors of 79474461.
3, 11, 2408317
List the prime factors of 1054213020.
2, 3, 5, 7, 836677
What are the prime factors of 61265522?
2, 149, 205589
What are the prime factors of 32784219?
3, 13, 280207
List the prime factors of 534365319.
3, 178121773
List the prime factors of 332708429.
131, 941, 2699
List the prime factors of 523975382.
2, 7, 43, 870391
List the prime factors of 24060499.
24060499
List the prime factors of 182330353.
1481, 123113
What are the prime factors of 25693495?
5, 67, 76697
List the prime factors of 85438749.
3, 11, 2589053
What are the prime factors of 1404412685?
5, 13, 31, 269, 2591
What are the prime factors of 1547840876?
2, 1493, 259183
What are the prime factors of 983984832?
2, 3, 1708307
What are the prime factors of 272392312?
2, 23, 1480393
What are the prime factors of 1045755511?
1045755511
What are the prime factors of 701296350?
2, 3, 5, 4675309
List the prime factors of 109653875.
5, 67, 13093
List the prime factors of 4103928732.
2, 3, 23, 379, 39233
What are the prime factors of 108071151?
3, 523, 68879
List the prime factors of 40650270.
2, 3, 5, 41, 33049
List the prime factors of 1816233193.
1816233193
What are the prime factors of 2448052742?
2, 19433, 62987
What are the prime factors of 137324667?
3, 45774889
What are the prime factors of 199936924?
2, 11, 19, 311, 769
What are the prime factors of 3576875831?
3576875831
List the prime factors of 827852693.
15923, 51991
List the prime factors of 2058574653.
3, 79, 2895323
What are the prime factors of 997198200?
2, 3, 5, 131, 4229
List the prime factors of 349622473.
349622473
List the prime factors of 72867058.
2, 11, 3312139
What are the prime factors of 4682430560?
2, 5, 97, 301703
List the prime factors of 65334219.
3, 743, 29311
List the prime factors of 5118326.
2, 17, 29, 179
List the prime factors of 81184939.
11, 31, 238079
List the prime factors of 286013139.
3, 95337713
List the prime factors of 76275328.
2, 17, 35053
What are the prime factors of 510434445?
3, 5, 34028963
List the prime factors of 156926835.
3, 5, 13, 89417
What are the prime factors of 6986514?
2, 3, 1164419
What are the prime factors of 1017312801?
3, 19, 939347
What are the prime factors of 7039991?
7, 127, 7919
List the prime factors of 84751184.
2, 7, 15443
List the prime factors of 150892408.
2, 17, 593, 1871
List the prime factors of 10682382.
2, 3, 29, 73
What are the prime factors of 48390392?
2, 997, 6067
List the prime factors of 344675432.
2, 43084429
List the prime factors of 34675306.
2, 23, 753811
What are the prime factors of 48128249?
13, 673, 5501
What are the prime factors of 93441025?
5, 251, 14891
List the prime factors of 21679604.
2, 1867, 2903
What are the prime factors of 31712372?
2, 2731, 2903
List the prime factors of 607584580.
2, 5, 53, 617, 929
What are the prime factors of 166687648?
2, 5208989
What are the prime factors of 21432349?
983, 21803
What are the prime factors of 516894111?
3, 23, 89, 28057
List the prime factors of 1538540407.
1538540407
What are the prime factors of 573247534?
2, 43, 6665669
What are the prime factors of 34774820?
2, 5, 37, 46993
What are the prime factors of 56802798?
2, 3, 13, 242747
List the prime factors of 885330186.
2, 3, 13, 3191, 3557
What are the prime factors of 146455968?
2, 3, 547, 2789
What are the prime factors of 193896605?
5, 7, 5539903
What are the prime factors of 1632654481?
41, 2311, 17231
List the prime factors of 1321330990.
2, 5, 7, 18876157
What are the prime factors of 35056763?
7, 41, 122149
List the prime factors of 39978906.
2, 3, 11, 43, 14087
What are the prime factors of 1522723986?
2, 3, 7, 12085111
What are the prime factors of 2758477408?
2, 86202419
What are the prime factors of 370355984?
2, 29, 557, 1433
List the prime factors of 4375496258.
2, 7, 44647921
List the prime factors of 3425776106.
2, 179, 521, 18367
List the prime factors of 1591153427.
9623, 165349
What are the prime factors of 244976324?
2, 17, 3602593
List the prime factors of 436272575.
5, 131, 133213
List the prime factors of 126869751.
3, 29, 486091
What are the prime factors of 30190807?
31, 973897
List the prime factors of 429359923.
401, 823, 1301
What are the prime factors of 128074241?
97, 1320353
List the prime factors of 1401640131.
3, 467213377
List the prime factors of 134114230.
2, 5, 1489, 9007
What are the prime factors of 864512349?
3, 1061, 271603
What are the prime factors of 147135696?
2, 3, 19, 161333
What are the prime factors of 194111446?
2, 97055723
What are the prime factors of 335286160?
2, 5, 11, 19, 1823
What are the prime factors of 218550732?
2, 3, 18212561
What are the prime factors of 810498130?
2, 5, 13, 79, 78919
List the prime factors of 42909523.
42909523
What are the prime factors of 38808471?
3, 13, 241, 4129
What are the prime factors of 546831472?
2, 11, 191, 16267
What are the prime factors of 11161506?
2, 3, 1860251
What are the prime factors of 271981428?
2, 3, 19, 641, 1861
List the prime factors of 5236449336.
2, 3, 24242821
What are the prime factors of 1593565128?
2, 3, 877, 25237
List the prime factors of 1473996895.
5, 7, 42114197
List the prime factors of 52403802.
2, 3, 11, 263, 3019
List the prime factors of 240523086.
2, 3, 167, 240043
What are the prime factors of 131102639?
257, 510127
List the prime factors of 525286129.
525286129
What are the prime factors of 2076547478?
2, 181, 1039, 5521
What are the prime factors of 69760166?
2, 7, 4982869
List the prime factors of 187461474.
2, 3, 47, 664757
List the prime factors of 738270116.
2, 617, 299137
List the prime factors of 489418.
2, 107, 2287
List the prime factors of 2398918845.
3, 5, 159927923
List the prime factors of 129851982.
2, 3, 13, 554923
What are the prime factors of 19819244?
2, 53, 93487
What are the prime factors of 2658755568?
2, 3, 7, 283, 27961
List the prime factors of 127311234.
2, 3, 31, 684469
List the prime factors of 5112833.
11, 464803
What are the prime factors of 480491624?
2, 149, 403097
What are the prime factors of 261096162?
2, 3, 43516027
List the prime factors of 30702641.
1999, 15359
List the prime factors of 691490899.
11, 373, 168533
What are the prime factors of 38109134?
2, 7, 149, 18269
List the prime factors of 380402844.
2, 3, 971, 32647
What are the prime factors of 432643518?
2, 3, 29, 30697
List the prime factors of 1164641477.
1051, 1108127
What are the prime factors of 297603890?
2, 5, 2273, 13093
What are the prime factors of 2581006406?
2, 11, 117318473
What are the prime factors of 79802683?
53, 1505711
List the prime factors of 259269324.
2, 3, 21605777
What are the prime factors of 195715633?
61, 3208453
List the prime factors of 53640626.
2, 13, 839, 2459
What are the prime factors of 1447015332?
2, 3, 7, 17226373
What are the prime factors of 144160755?
3, 5, 9610717
What are the prime factors of 123916920?
2, 3, 5, 31, 33311
List the prime factors of 92531391.
3, 17, 47, 38603
What are the prime factors of 2649341?
19, 139439
List the prime factors of 88363590.
2, 3, 5, 7, 420779
List the prime factors of 175530489.
3, 61, 959183
List the prime factors of 386432905.
5, 77286581
List the prime factors of 1870101380.
2, 5, 7, 13357867
What are the prime factors of 230829051?
3, 37, 263, 7907
List the prime factors of 920552007.
3, 127, 2416147
List the prime factors of 135611583.
3, 45203861
List the prime factors of 83944604.
2, 20986151
What are the prime factors of 1488971392?
2, 109, 106721
List the prime factors of 33825713.
53, 499, 1279
List the prime factors of 7063216304.
2, 17, 251, 103457
List the prime factors of 123175857.
3, 7, 837931
What are the prime factors of 37943061?
3, 13, 972899
List the prime factors of 6090140.
2, 5, 7, 41, 1061
What are the prime factors of 162489626?
2, 13, 53, 117917
What are the prime factors of 699807743?
699807743
List the prime factors of 16945392.
2, 3, 491, 719
List the prime factors of 26888964